- 2*c - 8 = 13, 5*c = z - 33. Suppose 7*u = -335 + 1154. Calculate the greatest common factor of u and z.
13
Let c be (-6)/(-2) + (5 - (5 + -20)). What is the greatest common divisor of 161 and c?
23
Suppose 5*n + 0*c - 204 = c, -3*n - c + 116 = 0. Suppose 4*i = i - 5*s + 445, 160 = i + 4*s. What is the highest common factor of n and i?
20
Let o(m) = -m**3 + 2*m**2 - 2*m + 39. Let p(j) = 3*j + 39. Let q be p(-13). Let a be o(q). What is the highest common factor of a and 3?
3
Let z(f) = 2*f + 625. Let t be z(-64). What is the greatest common factor of 7 and t?
7
Suppose 0 = 11*u + 12*u - 3381. Calculate the highest common factor of 63 and u.
21
Let d = 122 + -93. Let w be (d + -17)/(1/12). Calculate the greatest common divisor of 16 and w.
16
Suppose 1396 = -23*j + 19221. Calculate the highest common divisor of j and 93.
31
Suppose -5*m + 29 = 9. Let y(g) = 2*g**3 - g**2 - g - 3. Let o be y(m). Let d be (2 + -4 - (-5 + 4))*-21. What is the highest common divisor of o and d?
21
Let a(l) = 2*l**2 + 7*l - 13. Let n be a(3). Let k be 1/((-50)/52 - -1). What is the greatest common divisor of k and n?
26
Suppose -5*r + 4*v = -764, 201 = 2*r - 4*v - 95. What is the greatest common divisor of r and 221?
13
Let d = 155 + -35. Let y = 351 - d. Calculate the greatest common factor of 21 and y.
21
Let g(v) = -v**3 - 4*v**2 - 2*v - 36. Let l be g(-6). Let x = 61 - l. What is the greatest common factor of 104 and x?
13
Suppose w - 4*n = -21, 91 + 4 = -3*w - 4*n. Let f = 22 + w. Let d be (-817)/f - (-24)/84. What is the highest common factor of 13 and d?
13
Suppose -3*m = -4*r + 2*m + 2, -3*r + m + 7 = 0. Suppose -r*h = -2*f + 93, -2*f + 4*h + 63 = -35. Calculate the greatest common factor of f and 26.
13
Let q be -18 + 13 - (-10 - -1). Suppose -q*r - 15 = -5*r. Let o = 259 + -94. What is the highest common divisor of o and r?
15
Suppose 28*n - 804 = 988. What is the highest common divisor of 56 and n?
8
Let p(y) = 9*y**2 - y + 2. Let w be p(-1). Calculate the greatest common factor of w and 8.
4
Suppose 2*h - m = 27, -h - 9*m + 36 = -5*m. Suppose -l + 6*l = 560. Calculate the highest common factor of l and h.
16
Let b = 29 + -25. Suppose 2*j = 3*u + 18, -2*u + b = -0*u. What is the greatest common factor of j and 4?
4
Suppose 0 = -3*z - 5*y + 4*y + 87, 0 = 5*y. Let l be -1 - (1 - (3 + 28)). What is the greatest common factor of z and l?
29
Let d = -3 + -22. Let w = -19 - d. Suppose -33 - 93 = -w*u. What is the greatest common factor of u and 42?
21
Let u(s) = 6*s + 5. Let o be u(5). Let y = 7752 - 7745. What is the greatest common factor of o and y?
7
Let i(l) = -2*l. Let p be i(7). Let h be p/77 + (-92)/(-22). Suppose -160 = -c - h*c. Calculate the greatest common divisor of 4 and c.
4
Suppose 0 = 8*f - 642 + 162. Calculate the highest common factor of 75 and f.
15
Let j be (-3 + 0)*(-1288)/42. Calculate the greatest common factor of j and 138.
46
Let t be 2/(-9) - (-115024)/504. Calculate the highest common factor of t and 36.
12
Let i(w) = w + 7. Let c be i(4). Let m be -2*(2 - 4) - 1. Let g be m - 24/4 - -14. Calculate the greatest common divisor of c and g.
11
Let k = -85 + 15. Let t = 142 + k. Calculate the greatest common divisor of t and 24.
24
Suppose h + 2*h = -5*q - 11, 2*q + 10 = -4*h. Let i be 9 + q/(3 + -4). What is the highest common divisor of i and 20?
10
Suppose r = 2 + 4. Let i be ((-3)/r)/(1/(-28)). Let v = -349 + 356. Calculate the highest common factor of v and i.
7
Let x be (-12346)/(-38) + (-6)/(-57). Calculate the highest common factor of 175 and x.
25
Suppose 37*k - k = 1440. Calculate the greatest common factor of 2120 and k.
40
Let j(o) = -29*o - 53. Let a be j(-3). Calculate the greatest common divisor of a and 1088.
34
Let r = 9 + -5. Suppose s + 2 = -4*z - 0, 5*z + r*s = -8. Let j(x) = -x**3 + 13. Let o be j(z). Calculate the highest common divisor of 26 and o.
13
Suppose 43*k - 25*k + 540 = 23*k. Let q be 1*(-4)/3*9. Let o = 24 + q. What is the greatest common divisor of o and k?
12
Let h = 22 - 30. Let y = 35 + h. Suppose 18*j - 15*j - y = 0. What is the highest common divisor of j and 90?
9
Let g(a) be the second derivative of -a**5/20 + a**4/3 - a**3/3 - 12*a. Let j be g(2). What is the highest common factor of 4 and j?
4
Suppose 88*b + 1185 = 103*b. Calculate the greatest common factor of 1 and b.
1
Suppose 3*o - 4 = 5. Let n be (1 + -2)/(o/27). Let y be -2 - (n + (-12)/(-4)). Calculate the highest common divisor of y and 4.
4
Let g(n) be the second derivative of 13*n**3/6 - 17*n**2/2 + 24*n. Let j be g(4). What is the greatest common divisor of 315 and j?
35
Suppose 16*s - 2503 = -935. What is the greatest common divisor of 126 and s?
14
Suppose -3*d = -6, -9*i - 4*d = -12*i + 127. Calculate the greatest common factor of i and 60.
15
Suppose -3*h - 117 = -c - 4*c, -4*c + 101 = 5*h. Let o(y) = -y**2 - 16*y - 12. Let b be o(-14). Calculate the greatest common factor of b and c.
8
Let d = -9 + 9. Suppose d*h + 2 = 2*h. Suppose -5*n = 3*k - 11, 4*k - n = -2*n + 9. What is the greatest common factor of k and h?
1
Suppose 3*j + 4*b = 21, -5*j = -3*b + 8*b - 30. Suppose 5*t - j*g - 57 = 50, -2*g + 30 = 2*t. Calculate the greatest common factor of t and 19.
19
Let d = 1 + 4. Let f = -803 - -848. Calculate the highest common divisor of d and f.
5
Let i be (4 - 2) + -5 + 188/4. What is the highest common factor of i and 11?
11
Let k(b) = -73*b - 10. Let u be k(-1). What is the highest common factor of 9 and u?
9
Suppose 2*f = -f + 210. Let h = 0 - -7. Let q(z) = -z + 17. Let y be q(h). What is the greatest common divisor of f and y?
10
Let a = 158 - 20. Let l = 147 - a. What is the highest common divisor of l and 9?
9
Let g = -43 + 48. Suppose 0 = -4*l - 0*f + g*f + 244, 0 = -5*l - f + 276. Calculate the greatest common divisor of 8 and l.
8
Let y be (2 + -12)*1/(-2). Suppose 0 = 658*n - 588*n - 1750. What is the highest common divisor of y and n?
5
Suppose 22*b + 58 - 1818 = 0. What is the highest common factor of b and 32?
16
Suppose 5*l - 9*l = -5*z + 94, -23 = -z + 5*l. Let d(p) = p**2 + 3*p + 2. Let n be d(7). Calculate the greatest common divisor of n and z.
18
Let s = -22 + 29. Suppose -9*q = -s*q - 60. Let x be (-4)/14 - 1472/(-7). Calculate the greatest common factor of x and q.
30
Suppose -4*o = 5*c - 22, -2*o - 3*c = 3*o - 21. Suppose o*w + 68 = 3*s + 2*s, 5*s - 61 = -4*w. Calculate the greatest common factor of 13 and s.
13
Let l(j) = 5*j - 5. Let p be l(6). Suppose 3*q - p - 53 = 4*y, q + 3*y = 13. What is the highest common divisor of q and 33?
11
Let f be (2*10)/1*3264/(-30). Let g be (-1)/(-7) - f/56. Calculate the greatest common factor of g and 26.
13
Let p be (-2)/(3/(-105) + 0). Suppose 13*a + 53 - 417 = 0. What is the greatest common factor of p and a?
14
Let t(l) = 2*l**2 - 98*l - 657. Let s be t(55). Suppose 0 = 4*v - 3*r - 2*r - 151, 119 = 3*v + 2*r. What is the greatest common divisor of v and s?
3
Let k = 0 + 243. Let z = k - 122. Suppose 0 = -2*a + o + 24, -1032*a + 1031*a + 1 = 5*o. Calculate the greatest common divisor of z and a.
11
Suppose 3*q - 2*x = -7*x + 5, -q - 3 = -3*x. Suppose -4*y - 1 + 53 = q. Calculate the greatest common factor of 39 and y.
13
Let u be -1 + 0 - (-7)/(3 + -2). Let z be ((-2)/u + 3)*48. Calculate the highest common divisor of z and 16.
16
Suppose 0 = -7*d - 2*d + 36. What is the highest common factor of 284 and d?
4
Let r be -1 - -4 - (-5)/1. Suppose 0*y = 2*y - r. Suppose 0 = y*t - 8*t + 36. Calculate the greatest common factor of t and 18.
9
Let w be (-2)/(-11) + 15*(-340)/(-22). Suppose 4*v + 2*o = 210, w = 5*v + 3*o - 33. What is the greatest common divisor of 20 and v?
10
Let v(d) = -4*d - 9. Let a be v(-6). Let x(h) = -12*h + 474. Let s be x(37). Calculate the highest common divisor of s and a.
15
Suppose 236 = 8*c + 60. Let x(s) = 5*s**2 - 6*s - 5. Let q be x(-4). Calculate the greatest common divisor of q and c.
11
Let y = -12 + 39. Let q = y + -24. What is the greatest common factor of 2 and q?
1
Let j = 578 - 401. Calculate the greatest common divisor of j and 413.
59
Let q = -1 + 4. Suppose q*f - 3*w + 2 = 14, -2*f + 36 = 5*w. Suppose -32 = -4*o - 0*o. What is the highest common divisor of o and f?
8
Suppose 399 = 5*d - 666. Suppose 2*p = -5*c + d, p - c = -p